q be 9*-6*6/(-54) + -5. Let t(i) = -q + i**2 + 7 - i**3 - 7 - 7*i + 8*i. Give t(1).
0
Let g(s) = s**3 - 15*s**2 - 361*s + 38. Let i be g(-13). Let b(l) = -10*l**2 - 22*l. Determine b(i).
12
Let b(t) = 46 - 14 + 9 + 27 + t - 6*t. Give b(16).
-12
Let r(z) be the third derivative of -1/120*z**6 + 0 + 1/12*z**4 + 5*z**2 - 7/60*z**5 - 14*z + 4/3*z**3. Suppose 3*g + 2*g = -35. What is r(g)?
-6
Let k(f) be the third derivative of 11*f**4/12 - 179*f**3/3 - 455*f**2. Give k(16).
-6
Let o(r) be the third derivative of -r**8/10080 + r**7/720 - r**6/180 + 4*r**5/3 - 3*r**2 - 3*r. Let n(l) be the third derivative of o(l). Give n(5).
-19
Let p(v) = 5*v - 1. Suppose 2*x = x - 2*m + 19, 0 = -2*x + 2*m + 14. Let t = 18 + -18. Suppose 11 = x*q - t*q. Give p(q).
4
Let r(q) = -2*q**2 + 4*q + 13. Suppose o - 9*o - 39 = -39. Determine r(o).
13
Let z be (-56)/(-70)*(9 + -4)*-3. Let l(o) = o**2 + 12*o + 7. What is l(z)?
7
Let m be 11 + (-18)/4 + 133/(-38). Let x(u) = -4*u**3 + 4*u**2 - 2*u - 3. What is x(m)?
-81
Let x(w) = 0*w - 7 - w + 9*w - 2*w**2 + 2*w - 2*w. Let t be x(1). Let u(r) = -1 - r - 21*r + r. Determine u(t).
20
Suppose -3*x = -2*c + 7, 5*x - 30 = -4*c - c. Suppose c*u - u + 20 = 0. Let n(d) = -7 - 2 - 3*d**2 + 4 + 4*d**2 + 3*d. What is n(u)?
5
Let s(n) = -n - 5. Let l = -1098 + 1094. Determine s(l).
-1
Let z(m) = m**3 - 12*m**2 - 13*m - 3. Suppose -5*c + 66*l - 64*l = -59, -l = 5*c - 68. What is z(c)?
-3
Let s(k) = k**2 - 49*k + 328. Let r be s(8). Let z(d) = -7*d - 23. Calculate z(r).
-23
Let l(z) = -z**3 + 18*z**2 - 76*z - 9. Let q(n) = -n**2 - 66*n + 1838. Let j be q(21). What is l(j)?
2
Let h(s) be the first derivative of -s**3/3 + s**2/2 + 106*s + 976. Determine h(0).
106
Suppose 0 = 6*r - 8 - 4. Let j(w) = -3 + r*w**2 + 7*w - 7*w - 3*w**2. What is j(4)?
-19
Let r(j) = -j - 3. Let w(f) = 5*f + 15. Let q(l) = -6*r(l) - w(l). Let b(p) = 8*p + 25. Let x(g) = 6*b(g) - 51*q(g). Calculate x(3).
-12
Let o(n) be the first derivative of -n**4/4 + 4*n**3 + 8*n**2 - 33*n - 14347. Give o(13).
6
Let j(w) be the third derivative of -1/6*w**3 - 37*w**2 + 0*w + 0 - 1/6*w**4 - 1/60*w**5. Determine j(-5).
-6
Let h(s) = -303 + 313 - 37*s + 14*s + 20*s. Give h(3).
1
Suppose s = -4*c + 42, c = 4*c - 5*s - 20. Let b(t) = 2*t**2 + c*t**2 + t**2 + 6 - t**3 + 22*t - 4*t**2. Give b(11).
6
Suppose -4 = 2*u + 4. Let k(z) = z**3 + 3*z**2 - 7*z - 6. Let t be k(u). Let d(r) = -t*r**3 + 4*r**3 + r**3 - r**2 - 4. What is d(0)?
-4
Suppose 0*l - 3*l - 9 = 0. Let x(v) = 3*v - 2. Let m(i) = -3*i + 1. Let g(s) = l*x(s) - 2*m(s). Let o be g(3). Let p(b) = b - 5. Determine p(o).
-10
Let w(a) = -5*a**3 - 14*a**2 + 7*a + 8. Let o = 276 - 283. Let b(x) = -3*x**3 - 7*x**2 + 3*x + 4. Let j(g) = o*b(g) + 4*w(g). Determine j(6).
10
Let b(c) = c**3 + 6*c**2 + 5*c - 5. Let w be b(-5). Let d(h) be the first derivative of -h**4/4 - 5*h**3/3 - 3*h + 157. What is d(w)?
-3
Let y(c) = -c**3 - 8*c**2 - c. Let v(p) = 38*p + 58. Let b(u) = 13*u + 20. Let h(k) = 17*b(k) - 6*v(k). Let d be h(0). What is y(d)?
8
Let y(m) = 1247*m - 3754*m + 1257*m + 1253*m - 16. What is y(2)?
-10
Let a(r) = -r**2 - 11*r - 6. Let h be a(-10). Suppose 27 = h*q + 7. Let z(s) = 2*s + 6. Calculate z(q).
16
Let m(a) = -19*a + 4323 - 8673 + 4331. Calculate m(-1).
0
Suppose -13*w + 2 = -11*w. Let y(c) = -36 - 33*c - 56 + 93. Calculate y(w).
-32
Let a(h) = -h**2 - 6*h + 8. Let w be a(-5). Suppose -28 = -w*z - 2. Let u(o) = -3 - z + 5 + 5*o. Give u(2).
10
Suppose -1568 = -20*f - 12188. Let m = -528 - f. Let x(r) = r**3 - 3*r**2 + 3*r + 2. Determine x(m).
11
Let f(n) = 1669*n**2 - 1 - 1666*n**2 + 5*n + 5. Suppose 0 = 2*o + 5 - 1. Calculate f(o).
6
Let j(d) = 5*d**3 - 11*d**2 + 2*d. Let c(l) = -l**3 - 4. Suppose 5*g = -s + 18, 12*s - 16*s = 2*g. Let f(n) = g*c(n) + j(n). What is f(11)?
6
Let q(d) = -81*d - d**3 + 34 + 15*d + 77*d + 13*d**2. Give q(14).
-8
Suppose -6*o + 4*o - 3*k = -194, -5*o - 2*k + 507 = 0. Let p = o + -98. Let i(u) = -u**3 + 5*u**2 + 7. Calculate i(p).
7
Let n = 703 - 720. Let d(v) = v**2 + 19*v + 50. Calculate d(n).
16
Let b(n) = 3*n**2 - 5*n + 2. Let z be 2/4 - 13/(-2). Let s(r) = 45 + 52 - 101 - r**2 + 8*r. Let j be s(z). What is b(j)?
14
Let o(x) = -x**3 - x. Let s(a) = -7*a**3 + 5*a**2 - 9*a + 1. Suppose 0 = -19*r + 25*r - 36. Let h(u) = r*o(u) - s(u). Determine h(2).
-7
Let h(r) be the third derivative of 7*r**4/24 + 301*r**3/6 + 2182*r**2. Determine h(-42).
7
Let w be (-4)/(-3)*-8*6/32. Let s(z) = -z**2 - 4. Determine s(w).
-8
Let t(x) = x**2 + 7*x + 5. Let i = -568 + 572. Let r(b) = -67*b + 261. Let f be r(i). What is t(f)?
5
Let w(a) = 4*a - 17. Let g = -5052 - -5069. Calculate w(g).
51
Let j(m) = m**2 + 11*m. Suppose 181 = -6*l - 917. Let q = -194 - l. Calculate j(q).
0
Let i(r) = 761 - 1203 + 452 - r. Suppose -5*d = -0 - 10. Suppose -3*q = 2*z + 3*z - 29, 0 = d*q + 4. What is i(z)?
3
Let x be 3 + 52/(-17) + (-1414)/238. Let b(h) = -2*h**3 - 10*h**2 - 3*h + 18. Calculate b(x).
108
Let y(c) = -259*c - 1835 + 1776 + 266*c. Give y(8).
-3
Let r(v) = -v**2 - 2*v - 5. Let t(n) = 2*n**2 + n + 5. Let i(p) = -3*r(p) - 2*t(p). Suppose 83 = -28*w + 251. What is i(w)?
-7
Let o = -33517 - -33524. Let a(i) be the first derivative of i**4/4 - 5*i**3/3 - 13*i**2/2 - 3*i - 2. What is a(o)?
4
Suppose 11*z - 165 + 594 = 0. Let p = z + 47. Let x(w) = -7*w + 7*w**2 + w + 0*w - 2 - p*w**2. Calculate x(-6).
-2
Let k(y) = 3*y**2 - 13*y + 9. Let p be k(4). Suppose -4*z - 3*n + 5*n - 10 = 0, 2*n = -p*z - 17. Let v(u) = -6*u - 4. Calculate v(z).
14
Let t(r) = 12*r**3 + 31*r**2 - 33*r + 11. Let x(f) = -5*f**3 - 15*f**2 + 16*f - 6. Suppose -8 = 20*b + 132. Let m(u) = b*x(u) - 3*t(u). What is m(11)?
-13
Let t(p) = -7*p**2 - 12*p - 27. Let m(j) = 3*j**2 - j - 1. Let g(v) = 2*m(v) + t(v). Calculate g(-9).
16
Let x(t) = -t**2 + 19. Suppose 46*a - 36 = 5*s + 49*a, -4*s = 5*a + 34. What is x(s)?
-17
Let y(b) = 7*b**2 + 0*b**2 - 5*b**2 - b**3 + 3*b**2 - 7 - 2*b + 1. What is y(4)?
2
Suppose 188*i = 462*i + 924 + 994. Let v(p) = -9*p + 7 - p**2 + 0 + 0. Give v(i).
21
Let l(w) be the third derivative of -w**6/60 + w**5/20 + 3*w**4/4 + 5*w**3/6 - 4132*w**2. Calculate l(4).
-3
Let k(x) = 9515*x**2 - 88 + 78 - 9514*x**2. Let y = -2 + 2. Give k(y).
-10
Let v(u) be the second derivative of -5*u**3/6 + 25*u**2 + 4*u + 205. Give v(10).
0
Let t = -4 + -3. Let y(h) = -3*h - 4. Let w(f) = f + 1. Let c(g) = 2*w(g) + y(g). Let a(q) = 3*q + 1. Let r(s) = a(s) + 2*c(s). Calculate r(t).
-10
Let h(c) = -2*c**3 - c**2 - c + 14. Suppose 3*p + 28 = -4*f, -f + 7 = 2*p + 14. Give h(p).
14
Let r(z) = 2*z**3 + 2*z**2 + 2*z + 10. Let b(s) = -3*s**3 - 5*s**2 - 5*s - 19. Let n(i) = 3*b(i) + 5*r(i). Let t = 6338 + -6332. What is n(t)?
-1
Let d(m) = m**3 - 8*m**2 + 9*m + 13. Let o be d(8). Let a = o + -87. Let l(v) = 3 - 64*v + 62*v - 2. Give l(a).
5
Let u(n) = -23*n**2 - 67*n - 46. Let a(l) = -16*l**2 - 45*l - 31. Let v(c) = -10*a(c) + 7*u(c). Determine v(-9).
78
Let x be ((-52)/(-104))/((-2)/(-16)). Let a = 10 - 5. Let z(n) = 3*n + 1 - n**2 - a - 1. Determine z(x).
-9
Let t(d) = d**3 - 4*d**2 - 3*d - 5. Let a be t(5). Let y be 12/a + 9/15. Let h(r) = 8 - 8*r + 18*r**2 + 4*r**3 - 24*r**2 - y*r**3 - r. Determine h(7).
-6
Let o(j) = j**2 - 2*j - 4. Let i = -575 + 603. Suppose -i = 2233*q - 2237*q. What is o(q)?
31
Let f(d) = 233*d**2 + 709*d - 15. Let u(p) = -58*p**2 - 189*p + 4. Let j(s) = -4*f(s) - 15*u(s). What is j(1)?
-63
Let p(j) = 0*j + 11 + 4 - 6 + 2*j. Let i = 1730 + -1734. Calculate p(i).
1
Let b(z) = 5*z**3 + 11*z**2 - 2*z - 10. Let h(p) be the third derivative of -p**6/60 - p**5/60 - p**4/24 + 112*p**2. Let a(w) = b(w) + 3*h(w). Calculate a(7).
4
Let t = -11 + 16. Let a = t - -17. Let m = a - 16. Let s(l) = l**3 - 5*l**2 - 6*l - 7. Calculate s(m).
-7
Let c be 18/(-7) - -3 - 18/42. Suppose 8*b = 13*b - v - 21, c = -v + 4. Let n(m) = -m**2 - 4*m - 2. What is n(b)?
-47
Let i(z) = 41*z**2 - z - 7. Let b(g) = -75*g**2 + 3*g + 13. Let w(f) = 6*b(f) + 11*i(f). Let m = 52 - 59. Calculate w(m).
1
Let v(y) be the first derivative of -7*y**2/2 + 31*y + 703. Give v(8).
-25
Let q(t) = -t**2 + 9*t - 24. Let v be q(7). Let m be (394/11 + v/(-55))/2. Let p(a) = 15 - 31 + a + 0*a + m. Give p(4).
6
Let y(n) = -n**2 - 12*n - 6. Suppose -21 = 4*s + 2*i - 3, 4*s - 2*i + 14 = 0.